{"id":87,"date":"2024-05-01T17:39:30","date_gmt":"2024-05-01T15:39:30","guid":{"rendered":"https:\/\/www.bb27000.fr\/?page_id=87"},"modified":"2024-10-25T07:10:45","modified_gmt":"2024-10-25T05:10:45","slug":"les-reglements-et-autres-bizarreries","status":"publish","type":"page","link":"https:\/\/bb27000.fr\/index.php\/les-reglements-et-autres-bizarreries\/","title":{"rendered":"Les r\u00e8glements et autres bizarreries"},"content":{"rendered":"\n<p>Tous ce qui est improbable, bizarre, voir vraiment bizarre&#8230; <\/p>\n\n\n\n<ul class=\"wp-block-list\">\n<li>01&nbsp;\u00e0 10<\/li>\n\n\n\n<li><a href=\"https:\/\/x.com\/BB27000\/status\/1849678416829648941\">Le kilom\u00e8tre z\u00e9ro (Cat\u00e9gorie g\u00e9ographie)<\/a><\/li>\n\n\n\n<li><a href=\"https:\/\/twitter.com\/BB27000\/status\/1094151773709914113?s=20\">Les r\u00e8glements les plus bizarres au chemin de fer (Cat\u00e9gorie Administratif)<\/a><\/li>\n\n\n\n<li><a href=\"https:\/\/x.com\/BB27000\/status\/1784643735684346180\">Les points d\u2019arr\u00eat des trains ( cat\u00e9gorie r\u00e8glement)<\/a><\/li>\n\n\n\n<li><a href=\"https:\/\/twitter.com\/BB27000\/status\/1222968231985602560?s=20\"><s>Qu\u2019est ce qui est autoris\u00e9 ou interdit de faire dans une cabine: (Cat\u00e9gorie r\u00e8glement)<\/s><\/a><\/li>\n\n\n\n<li><s><a href=\"https:\/\/twitter.com\/BB27000\/status\/1503453413111177218?s=20&amp;t=dBaCNZFGy_d4nREZ4lbeuQ\">Qu&rsquo;est ce qui est autoris\u00e9 &#8230;. chapitre II (Cat\u00e9gorie r\u00e9glement)<\/a>h<\/s><\/li>\n\n\n\n<li><a href=\"https:\/\/twitter.com\/BB27000\/status\/1243812316421984256?s=20\">Un train peut il \u00eatre en avance? (Cat\u00e9gorie r\u00e8glement)<\/a><\/li>\n\n\n\n<li>&nbsp;<a href=\"https:\/\/twitter.com\/BB27000\/status\/1158329352486100994?s=20\">Comment on g\u00e8re un Accident de Personne (Cat\u00e9gorie R\u00e8glement)<\/a><\/li>\n\n\n\n<li><s>&nbsp;<a href=\"https:\/\/twitter.com\/BB27000\/status\/1266400954846457858?s=20\">Comment les conducteurs de trains font pour aller au WC (Cat\u00e9gorie&nbsp;d\u00e9merde toi)<\/a><\/s><\/li>\n\n\n\n<li><a href=\"https:\/\/twitter.com\/BB27000\/status\/1316805352655118342?s=20\">Que peux on conduire avec un permis train? (Cat\u00e9gorie r\u00e8glement)<\/a><\/li>\n\n\n\n<li><a href=\"https:\/\/twitter.com\/BB27000\/status\/1350539611639066626?s=20\">A quelle vitesse doit rouler un train? (Cat\u00e9gorie r\u00e8glements)<\/a><\/li>\n\n\n\n<li><a href=\"https:\/\/twitter.com\/BB27000\/status\/1367552877250678792?s=20\">Les objets avec des noms d&rsquo;animaux \u00e0 la SNCF (Cat\u00e9gorie Vocabulaire)<\/a><\/li>\n\n\n\n<li>11&nbsp;\u00e0&nbsp;..<\/li>\n\n\n\n<li><a href=\"https:\/\/twitter.com\/BB27000\/status\/1421916564169838602?s=20\">La rel\u00e8ve des conducteurs (Analyse d&rsquo;une photo)<\/a><\/li>\n\n\n\n<li><a href=\"https:\/\/twitter.com\/BB27000\/status\/1407374554893332485?s=20\">Les spotteurs de train, notre fan club \u00e0 nous (Cat\u00e9gorie histoire)<\/a><\/li>\n\n\n\n<li><a href=\"https:\/\/twitter.com\/BB27000\/status\/1530809679672131584?s=20&amp;t=BrlACtkvRRxp5ItyXPMb6w\">Les v\u00e9los dans les trains, exemples concrets (Cat\u00e9gorie cyclisme)<\/a><\/li>\n\n\n\n<li><a href=\"https:\/\/twitter.com\/BB27000\/status\/1521390825074159617?s=20&amp;t=BrlACtkvRRxp5ItyXPMb6w\">La rupture de charge (cat\u00e9gorie transport)<\/a><\/li>\n\n\n\n<li><a href=\"https:\/\/twitter.com\/BB27000\/status\/1516772307947114505?s=20&amp;t=BrlACtkvRRxp5ItyXPMb6w\"><s>Les chats, ses rois des trains (Cat\u00e9gorie animaux)<\/s><\/a><\/li>\n\n\n\n<li><a href=\"https:\/\/twitter.com\/BB27000\/status\/1580549157789450241?s=20&amp;t=9C3V83611wRoyFm0EheiwA\">Les d\u00e9couch\u00e9s (Cat\u00e9gorie Vie sociale)<\/a><\/li>\n\n\n\n<li><a href=\"https:\/\/twitter.com\/BB27000\/status\/1572978323352948737?s=20&amp;t=9C3V83611wRoyFm0EheiwA\">Le rail sans le net (Cat\u00e9gorie prospective)<\/a><\/li>\n<\/ul>\n\n\n\n<p>La suite:<\/p>\n\n\n\n<ul class=\"wp-block-list\">\n<li>1&nbsp;\u00e0 20<\/li>\n\n\n\n<li><a href=\"https:\/\/twitter.com\/BB27000\/status\/1192886331493552130?s=20\"><s>Quel est le vraie prix d&rsquo;un train? (Categorie Economie)<\/s><\/a><\/li>\n\n\n\n<li><a href=\"https:\/\/twitter.com\/BB27000\/status\/854440008618528773?s=20\">Les cartes de M\u00e9tro les plus folles. (cat\u00e9gorie humour)<\/a><\/li>\n\n\n\n<li>&nbsp;<a href=\"https:\/\/twitter.com\/BB27000\/status\/1166638391531835392?s=20\">La l\u00e9gende du tunnel et les locomotives de guerre. (Cat\u00e9gorie legende)<\/a><\/li>\n\n\n\n<li>&nbsp;<a href=\"https:\/\/twitter.com\/bb27000\/status\/1159820402413244418?s=21\">Le bureau des l\u00e9gendes ( Cat\u00e9gorie L\u00e9gende)<\/a><\/li>\n\n\n\n<li><a href=\"https:\/\/twitter.com\/BB27000\/status\/1245365453809168384?s=20\"><s>Un chef un peut trop tatillon (Cat\u00e9gorie humour)<\/s><\/a><\/li>\n\n\n\n<li><a href=\"https:\/\/twitter.com\/BB27000\/status\/1220366327048810499?s=20\"><s>Une petite histoire rigolote sur les code des girouettes. (Cat\u00e9gorie humour et histoire vraie)<\/s><\/a><\/li>\n\n\n\n<li><a href=\"https:\/\/twitter.com\/BB27000\/status\/1654877736647770112?s=20\">Les gares les plus folles (cat\u00e9gorie records)<\/a><\/li>\n\n\n\n<li><a href=\"https:\/\/twitter.com\/BB27000\/status\/1104276233947398146?s=20\">La paye des conducteurs de trains (cat\u00e9gorie humour)<\/a><\/li>\n\n\n\n<li><a href=\"https:\/\/twitter.com\/BB27000\/status\/1101565121585795072?s=20\">Les trains nucl\u00e9aires (cat\u00e9gorie humour)<\/a><\/li>\n\n\n\n<li><a href=\"https:\/\/twitter.com\/BB27000\/status\/1126138392541110272?s=20\">Le projet FICTIF du RER F (cat\u00e9gorie Futur Improbable)<\/a><\/li>\n\n\n\n<li><a href=\"https:\/\/twitter.com\/BB27000\/status\/1017013716448145411?s=20\">Les unit\u00e9s de mesures ferroviaires (cat\u00e9gorie science obscures)<\/a><\/li>\n\n\n\n<li><a href=\"https:\/\/twitter.com\/BB27000\/status\/1085254571604279296?s=20\">Les expressions ferroviaires (cat\u00e9gorie humour)<\/a><\/li>\n\n\n\n<li><a href=\"https:\/\/twitter.com\/BB27000\/status\/1081269372700774402?s=20\">Les secrets de la gare du Vatican (Categorie Humour)<\/a><\/li>\n\n\n\n<li><a href=\"https:\/\/twitter.com\/BB27000\/status\/1074643906787201025?s=20\">Un petit jeux \u00e0 faire avec vos enfants. (Parents, lisez en premier)<\/a><\/li>\n\n\n\n<li><a href=\"https:\/\/twitter.com\/BB27000\/status\/1055900234532958209?s=20\">Les romains ont ils invent\u00e9 le train? (cat\u00e9gorie humour)<\/a><\/li>\n\n\n\n<li><a href=\"https:\/\/twitter.com\/BB27000\/status\/1264188329001725953?s=20\">Un peu de maths ferroviaires (Cat\u00e9gorie Humour)<\/a><\/li>\n\n\n\n<li><a href=\"https:\/\/twitter.com\/BB27000\/status\/1043071585505169409?s=20\">La tradition am\u00e9ricaine du \u00ab\u00a0Mooning of the Train\u00a0\u00bb (cat\u00e9gorie humour et histoire vraie)<\/a><\/li>\n\n\n\n<li><a href=\"https:\/\/twitter.com\/BB27000\/status\/1561272515195985923?s=20&amp;t=vqYMhCrTtJRn8G5k8raReg\"><s>Quand les gosses prennent le train (cat\u00e9gorie humour)<\/s><\/a><\/li>\n\n\n\n<li><a href=\"https:\/\/twitter.com\/BB27000\/status\/888463858775490561?s=20\">Les objets trouv\u00e9s, qu&rsquo;en fait on? ( Cat\u00e9gorie humour et histoire vraie)<\/a><\/li>\n\n\n\n<li><a href=\"https:\/\/twitter.com\/BB27000\/status\/1127231299482157060?s=20\"><s>Chef! On a vol\u00e9 les wagons! (Cat\u00e9gorie L\u00e9gende Urbaine)<\/s><\/a><\/li>\n\n\n\n<li>21&nbsp;\u00e0 30<\/li>\n\n\n\n<li><a href=\"https:\/\/twitter.com\/BB27000\/status\/1116349416510820353?s=20\">Les VIP et c\u00e9l\u00e9brit\u00e9s \u00e0 bord des trains ( cat\u00e9gorie people)<\/a><\/li>\n\n\n\n<li><a href=\"https:\/\/twitter.com\/BB27000\/status\/1127652517939163136?s=20\">Des chiffres et des lettres , la DATA en libre consultation (Cat\u00e9gorie: Toutes !)<\/a><\/li>\n\n\n\n<li><a href=\"https:\/\/twitter.com\/BB27000\/status\/1126807209525035008?s=20\">Quand la technologie fran\u00e7aise bat la japonaise (cat\u00e9gorie science)<\/a><\/li>\n\n\n\n<li><a href=\"https:\/\/twitter.com\/BB27000\/status\/1265941358163918848?s=20\">Le train TROPICANA (Cat\u00e9gorie train sp\u00e9ciaux)<\/a><\/li>\n\n\n\n<li><a href=\"https:\/\/twitter.com\/BB27000\/status\/1263188650805903362?s=20\">LA cheminot la plus connu de France. (Cat\u00e9gorie Grande Dame)<\/a><\/li>\n\n\n\n<li><a href=\"https:\/\/twitter.com\/BB27000\/status\/1297434984106647552?s=20\"><s>Peut on acheter son propre train? (Cat\u00e9gorie \u00c9conomie)<\/s><\/a><\/li>\n\n\n\n<li><a href=\"https:\/\/twitter.com\/BB27000\/status\/1309193221638156288?s=20\">La gare des Fraises (Cat\u00e9gorie histoire)<\/a><\/li>\n\n\n\n<li><a href=\"https:\/\/twitter.com\/BB27000\/status\/1331271982722248705?s=20\">Les nouvelles rames Automotrice, avantage et inconv\u00e9nients.<\/a><\/li>\n\n\n\n<li><a href=\"https:\/\/twitter.com\/BB27000\/status\/1367138304253165575?s=20\">Les donn\u00e9es sur les trains en retard (Cat\u00e9gorie Statistique)<\/a><\/li>\n\n\n\n<li><a href=\"https:\/\/twitter.com\/bb27000\/status\/1382970770175967232?s=21\">Et si on achetait son propre train? (Cat\u00e9gorie impossible)<\/a><\/li>\n\n\n\n<li>41&nbsp;\u00e0 50<\/li>\n\n\n\n<li><a href=\"https:\/\/twitter.com\/BB27000\/status\/1396907847955386371?s=20\">Je tombe sur une voie ferr\u00e9e abandonn\u00e9e (Cat\u00e9gorie petite histoire)<\/a><\/li>\n\n\n\n<li><a href=\"https:\/\/twitter.com\/BB27000\/status\/1425371498295009287?s=20\">Le lib\u00e9ralisme et le ferroviaire (Point de vue et histoire)<\/a><\/li>\n\n\n\n<li><a href=\"https:\/\/twitter.com\/BB27000\/status\/1416444623959044097?s=20\">L&rsquo;histoire de l&rsquo;immigration et du monde ferroviaire<\/a><\/li>\n\n\n\n<li><a href=\"https:\/\/twitter.com\/BB27000\/status\/1408142159862288386?s=20\">Le journal \u00ab\u00a0La vie du Rail\u00a0\u00bb<\/a><\/li>\n\n\n\n<li><a href=\"https:\/\/twitter.com\/BB27000\/status\/1408014624360914944?s=20\">Le PORNO et les trains (Interdit au -1<\/a><a href=\"https:\/\/twitter.com\/BB27000\/status\/1408014624360914944?s=20\">8)<\/a><\/li>\n\n\n\n<li><a href=\"https:\/\/twitter.com\/BB27000\/status\/1465595626335477767?s=20\">Le terrible hiver 2008, (cat\u00e9gorie histoire vraie)<\/a><\/li>\n\n\n\n<li><a href=\"https:\/\/twitter.com\/BB27000\/status\/1472155749585403904?s=20\"><s>Le signal le mieux entretenu de France (Cat\u00e9gorie Humour)<\/s><\/a><\/li>\n\n\n\n<li><a href=\"https:\/\/twitter.com\/BB27000\/status\/1492886319940390914?s=20&amp;t=XY1hEebQiJ6DRfuABWM-fg\">Le chef qui \u00e0 son propre train (Cat\u00e9gorie Histoire vraie)<\/a><\/li>\n\n\n\n<li><a href=\"https:\/\/twitter.com\/BB27000\/status\/1491459954569584646?s=20&amp;t=XY1hEebQiJ6DRfuABWM-fg\">La recette du sandwich SNCF (Cat\u00e9gorie culinaire)<\/a><\/li>\n\n\n\n<li><a href=\"https:\/\/twitter.com\/BB27000\/status\/1527530285973266432?s=20&amp;t=BrlACtkvRRxp5ItyXPMb6w\">Le top 10 des phrases litigieuses (cat\u00e9gorie vocabulaire)<\/a><\/li>\n\n\n\n<li>51 \u00e0&nbsp;60<\/li>\n\n\n\n<li><a href=\"https:\/\/twitter.com\/BB27000\/status\/1544769885137403908?s=20&amp;t=0xf0FsA2p7z_9FFv-91mPA\"><s>Le secret du RER D (Cat\u00e9gorie Geo et Sociale)<\/s><\/a><\/li>\n\n\n\n<li><a href=\"https:\/\/twitter.com\/BB27000\/status\/1543980090014547969?s=20&amp;t=0xf0FsA2p7z_9FFv-91mPA\">L&rsquo;astreinte \u00e0 la maison (Cat\u00e9gorie histoire vraie)<\/a><\/li>\n\n\n\n<li><a href=\"https:\/\/twitter.com\/BB27000\/status\/1543651216151953412?s=20&amp;t=0xf0FsA2p7z_9FFv-91mPA\">L&rsquo;avenir de nos lignes (Cat\u00e9gorie politique)<\/a><\/li>\n\n\n\n<li><a href=\"https:\/\/twitter.com\/BB27000\/status\/1542489925651554305?s=20&amp;t=0xf0FsA2p7z_9FFv-91mPA\">Le film avec les figurants (Cat\u00e9gorie histoire vraie)<\/a><\/li>\n\n\n\n<li><a href=\"https:\/\/twitter.com\/BB27000\/status\/1541322522611924993?s=20&amp;t=0xf0FsA2p7z_9FFv-91mPA\">Le train du futur (Cat\u00e9gorie prospective)<\/a><\/li>\n\n\n\n<li><a href=\"https:\/\/twitter.com\/BB27000\/status\/1574097336002756608?s=20&amp;t=9C3V83611wRoyFm0EheiwA\">Le mouton noir (Cat\u00e9gorie histoire vraie)<\/a><\/li>\n\n\n\n<li><a href=\"https:\/\/twitter.com\/BB27000\/status\/1573705795283419142?s=20&amp;t=9C3V83611wRoyFm0EheiwA\"><s>C&rsquo;est comment conduire un train?<\/s><\/a><\/li>\n\n\n\n<li><a href=\"https:\/\/twitter.com\/BB27000\/status\/1573337484179668994?s=20&amp;t=9C3V83611wRoyFm0EheiwA\">Les trains IKEA (Cat\u00e9gorie humour)<\/a><\/li>\n\n\n\n<li><a href=\"https:\/\/twitter.com\/BB27000\/status\/1597318513320153088?s=20&amp;t=SRXx6JJByqKEJmGu_c2mDg\">Le lien entre une boite de conserve et les trains. (Cat\u00e9gorie histoire)<\/a><\/li>\n\n\n\n<li>61 \u00e0 70<\/li>\n\n\n\n<li><a href=\"https:\/\/twitter.com\/BB27000\/status\/1595480387622518786?s=20&amp;t=SRXx6JJByqKEJmGu_c2mDg\">La SNCF qui coute cher, vraiment? (Debunkage)<\/a><\/li>\n\n\n\n<li><a href=\"https:\/\/twitter.com\/BB27000\/status\/1592092911012823042?s=20&amp;t=SRXx6JJByqKEJmGu_c2mDg\">Moment de po\u00e9sie ferroviaire (Cat\u00e9gorie paysages)<\/a><\/li>\n\n\n\n<li><a href=\"https:\/\/twitter.com\/BB27000\/status\/1584221433445511168?s=20&amp;t=SRXx6JJByqKEJmGu_c2mDg\">Le signal de la discorde (Cat\u00e9gorie technique et r\u00e8glement)<\/a><\/li>\n\n\n\n<li><a href=\"https:\/\/twitter.com\/BB27000\/status\/1582305975293206531?s=20&amp;t=SRXx6JJByqKEJmGu_c2mDg\">La visite du ministre \u00e9tranger (Cat\u00e9gorie histoire)<\/a><\/li>\n\n\n\n<li><a href=\"https:\/\/twitter.com\/BB27000\/status\/1581952325492834305?s=20&amp;t=SRXx6JJByqKEJmGu_c2mDg\">Les greves \u00e0 la SNCF, les chiffres (Cat\u00e9gorie statistique)<\/a><\/li>\n\n\n\n<li><a href=\"https:\/\/twitter.com\/BB27000\/status\/1629188288308207616?s=20\">Le match Avion VS Train (Cat\u00e9gorie humour)<\/a><\/li>\n\n\n\n<li><a href=\"https:\/\/twitter.com\/BB27000\/status\/1658864070626295810?s=20\">Le journal qui valait de l&rsquo;or (Cat\u00e9gorie l\u00e9gende)<\/a><\/li>\n\n\n\n<li><a href=\"https:\/\/twitter.com\/BB27000\/status\/1673282559042543616?s=20\">Wagon ou Voiture ? (Cat\u00e9gorie Vocabulaire)<\/a><\/li>\n\n\n\n<li><a href=\"https:\/\/twitter.com\/BB27000\/status\/1666367213782147072?s=20\">Les diff\u00e9rences entre avions et trains (Cat\u00e9gorie humour)<\/a><\/li>\n\n\n\n<li><a href=\"https:\/\/x.com\/BB27000\/status\/1726687679318994993?s=20\">Le train des SDF (Cat\u00e9gorie sociale)<\/a><\/li>\n\n\n\n<li>71&nbsp;\u00e0 &#8230;<\/li>\n\n\n\n<li><a href=\"https:\/\/x.com\/BB27000\/status\/1720736429943189784?s=20\">La bague et la terre du milieu (Cat\u00e9gorie humour)<\/a><\/li>\n\n\n\n<li><a href=\"https:\/\/x.com\/BB27000\/status\/1708013785485574576?s=20\">L&rsquo;ours perdu (Cat\u00e9gorie chat noir)<\/a><\/li>\n<\/ul>\n","protected":false},"excerpt":{"rendered":"<p>Tous ce qui est improbable, bizarre, voir vraiment bizarre&#8230; La suite:<\/p>\n","protected":false},"author":1,"featured_media":0,"parent":0,"menu_order":0,"comment_status":"closed","ping_status":"closed","template":"","meta":{"footnotes":""},"class_list":["post-87","page","type-page","status-publish","hentry"],"_links":{"self":[{"href":"https:\/\/bb27000.fr\/index.php\/wp-json\/wp\/v2\/pages\/87","targetHints":{"allow":["GET"]}}],"collection":[{"href":"https:\/\/bb27000.fr\/index.php\/wp-json\/wp\/v2\/pages"}],"about":[{"href":"https:\/\/bb27000.fr\/index.php\/wp-json\/wp\/v2\/types\/page"}],"author":[{"embeddable":true,"href":"https:\/\/bb27000.fr\/index.php\/wp-json\/wp\/v2\/users\/1"}],"replies":[{"embeddable":true,"href":"https:\/\/bb27000.fr\/index.php\/wp-json\/wp\/v2\/comments?post=87"}],"version-history":[{"count":8,"href":"https:\/\/bb27000.fr\/index.php\/wp-json\/wp\/v2\/pages\/87\/revisions"}],"predecessor-version":[{"id":277,"href":"https:\/\/bb27000.fr\/index.php\/wp-json\/wp\/v2\/pages\/87\/revisions\/277"}],"wp:attachment":[{"href":"https:\/\/bb27000.fr\/index.php\/wp-json\/wp\/v2\/media?parent=87"}],"curies":[{"name":"wp","href":"https:\/\/api.w.org\/{rel}","templated":true}]}}