{"id":65,"date":"2024-05-01T17:26:01","date_gmt":"2024-05-01T15:26:01","guid":{"rendered":"https:\/\/www.bb27000.fr\/?page_id=65"},"modified":"2024-10-04T17:04:16","modified_gmt":"2024-10-04T15:04:16","slug":"histoires-de-trains","status":"publish","type":"page","link":"https:\/\/bb27000.fr\/index.php\/histoires-de-trains\/","title":{"rendered":"Histoires de trains"},"content":{"rendered":"\n<p>De la p&rsquo;tite \u00e0 la grande histoire <\/p>\n\n\n\n<p><\/p>\n\n\n\n<ul class=\"wp-block-list\">\n<li>01&nbsp;\u00e0 20<\/li>\n\n\n\n<li><a href=\"https:\/\/twitter.com\/BB27000\/status\/1099023127802187777?s=20\"><s>Le \u00ab\u00a0Herisson Invers\u00e9\u00a0\u00bb , une histoire de pinard sur rail (Cat\u00e9gorie Histoire)<\/s><\/a><\/li>\n\n\n\n<li><a href=\"https:\/\/twitter.com\/BB27000\/status\/1227668610077921280?s=20\">Les traverses en bois et le Barbecue. (Cat\u00e9gorie histoire)<\/a><\/li>\n\n\n\n<li><a href=\"https:\/\/twitter.com\/BB27000\/status\/1227958471439638530?s=20\">Une ligne de l\u00e9gende (cat\u00e9gorie histoire &#8211; Geo)<\/a><\/li>\n\n\n\n<li><a href=\"https:\/\/twitter.com\/bb27000\/status\/1241093282563854338?s=21\">Un h\u00e9ritage un peu lourd (cat\u00e9gorie Histoire)<\/a><\/li>\n\n\n\n<li><a href=\"https:\/\/x.com\/BB27000\/status\/1763910743219433655?s=20\"><s>La madeleine de la discorde (Cat\u00e9gorie histoire vraie)<\/s><\/a><\/li>\n\n\n\n<li><a href=\"https:\/\/twitter.com\/BB27000\/status\/1252118964991340545?s=20\">P\u00e9pone et le gra<\/a><a href=\"https:\/\/twitter.com\/BB27000\/status\/1252118964991340545?s=20\">nd Directeur (Cat\u00e9gorie Histoire Vraie)<\/a><\/li>\n\n\n\n<li>&nbsp;<a href=\"https:\/\/twitter.com\/conducteur_PSE\/status\/1136377114960248832?s=20\">Le c\u00e9l\u00e8bre thread du TGV bloqu\u00e9 dans un tunnel (Histoire Vraie &#8211; fait par @conducteur_PSE )<\/a><\/li>\n\n\n\n<li>&nbsp;<a href=\"https:\/\/twitter.com\/BB27000\/status\/1248235732050870273?s=20\">Un contr\u00f4leur un peu sp\u00e9cial (Cat\u00e9gorie Histoire Vraie)<\/a><\/li>\n\n\n\n<li>&nbsp;<a href=\"https:\/\/twitter.com\/BB27000\/status\/1129320128997470208?s=20\">Une montagne de billets de banque, \u00e7a vous dit? (Cat\u00e9gorie Histoire)<\/a><\/li>\n\n\n\n<li><a href=\"https:\/\/twitter.com\/BB27000\/status\/1259007224170647552?s=20\">Le premier train Corbillard au monde (Cat\u00e9gorie Histoire)<\/a><\/li>\n\n\n\n<li><a href=\"https:\/\/twitter.com\/BB27000\/status\/1258666530637824005?s=20\">La fin de la 3 eme classe (Cat\u00e9gorie Histoire)<\/a><\/li>\n\n\n\n<li><a href=\"https:\/\/twitter.com\/BB27000\/status\/1262094113719169031?s=20\">Le monument de la gare de La Faloise (Cat\u00e9gorie Histoire)<\/a><\/li>\n\n\n\n<li><a href=\"https:\/\/twitter.com\/BB27000\/status\/1254439922586529794?s=20\">L&rsquo;alcool et les trains (Cagoterie Histoire)<\/a><\/li>\n\n\n\n<li><a href=\"https:\/\/twitter.com\/BB27000\/status\/1259925667447296000?s=20\">Le chariot \u00e0 bagage, petit mais costaud (Cat\u00e9gorie Histoire)<\/a><\/li>\n\n\n\n<li><a href=\"https:\/\/twitter.com\/Conducteur_RER\/status\/1252548359421923328?s=20\">Les trains Sanitaires (Cat\u00e9gorie Histoire &#8211; Fait par&nbsp;<\/a>@Conducteur_RER )<\/li>\n\n\n\n<li><a href=\"https:\/\/twitter.com\/BB27000\/status\/1123163633830305792?s=20\">Le scorbut et les locomotives, y&rsquo;a til un lien? (Cat\u00e9gorie Histoire Sociale)<\/a><\/li>\n\n\n\n<li><a href=\"https:\/\/twitter.com\/BB27000\/status\/1128543613691080704?s=20\">Un h\u00e9ro conducteur de train, c&rsquo;est L\u00e9on Bronchart. (Cat\u00e9gorie Histoire)<\/a><\/li>\n\n\n\n<li>&nbsp;<a href=\"https:\/\/twitter.com\/BB27000\/status\/1113022961953505280?s=20\">La couleur des trains, vaste sujet. (Cat\u00e9gorie histoire)<\/a><\/li>\n\n\n\n<li><a href=\"https:\/\/twitter.com\/BB27000\/status\/1147769510641975296?s=20\"><s>L\u2019histoire du roi de la jungle, mais a la Gare. ( Cat\u00e9gorie histoire vraie).<\/s><\/a><\/li>\n\n\n\n<li><a href=\"https:\/\/twitter.com\/BB27000\/status\/1151565851419713538?s=20\">Le jour o\u00f9 tout aurait pu basculer. ( cat\u00e9gorie histoire vraie).<\/a><\/li>\n\n\n\n<li>21&nbsp;\u00e0 40<\/li>\n\n\n\n<li><s>&nbsp;<a href=\"https:\/\/twitter.com\/BB27000\/status\/1174996574889500672?s=20\">La r\u00e9volution du Temps Unifi\u00e9 (Cat\u00e9gorie Histoire)<\/a><\/s><\/li>\n\n\n\n<li><a href=\"https:\/\/twitter.com\/BB27000\/status\/1641375825218924544?s=20\">Les petits carnets secret (Cat\u00e9gorie histoire vraie)<\/a><\/li>\n\n\n\n<li><a href=\"https:\/\/twitter.com\/BB27000\/status\/1325753110334222336?s=20\">Le TGV des Marseillais (Cat\u00e9gorie Histoire)<\/a><\/li>\n\n\n\n<li><a href=\"https:\/\/twitter.com\/BB27000\/status\/1152156982108991488?s=20\">Le match Piaf VS Train. ( cat\u00e9gorie histoire vraie)<\/a><\/li>\n\n\n\n<li><a href=\"https:\/\/twitter.com\/BB27000\/status\/1129490779892846592?s=20\">L\u2019art de voyager autrement autrefois. (Cat\u00e9gorie histoire et Mat\u00e9riel)<\/a><\/li>\n\n\n\n<li><a href=\"https:\/\/twitter.com\/BB27000\/status\/1284879966807773184?s=20\"><s>L&rsquo;attentat rat\u00e9 contre le pr\u00e9sident (Cat\u00e9gorie Histoire Vraie)<\/s><\/a><\/li>\n\n\n\n<li><a href=\"https:\/\/twitter.com\/BB27000\/status\/1306149532221280256?s=20\">La valise \u00e0 roulette, r\u00e9volution dans le transport (Cat\u00e9gorie Histoire)<\/a><\/li>\n\n\n\n<li>&nbsp;<a href=\"https:\/\/twitter.com\/BB27000\/status\/1305064430175227905?s=20\">Les trains de pinard de la premi\u00e8re guerre (Cat\u00e9gorie Histoire)<\/a>&nbsp;<\/li>\n\n\n\n<li><a href=\"https:\/\/twitter.com\/BB27000\/status\/1319298525230993410?s=20\">La Jeep Willys, une petite qui tire gros (Cat\u00e9gorie histoire)<\/a><\/li>\n\n\n\n<li><a href=\"https:\/\/twitter.com\/BB27000\/status\/1314138342557089793?s=20\">Le train des secours (Thread Fiction)<\/a><\/li>\n\n\n\n<li><a href=\"https:\/\/twitter.com\/BB27000\/status\/1312113958774403072?s=20\">L&rsquo;accident de train le plus mortel au monde. (Cat\u00e9gorie catastrophe)<\/a><\/li>\n\n\n\n<li><a href=\"https:\/\/twitter.com\/BB27000\/status\/1311702458952024071?s=20\">Un train blind\u00e9 Allemands de l\u00e9gende (Cat\u00e9gorie Histoire)<\/a><\/li>\n\n\n\n<li><a href=\"https:\/\/twitter.com\/BB27000\/status\/1330537737955446787?s=20\">Les histoires de conducteur de train Anglais en France (Cat\u00e9gorie&nbsp;<\/a><a href=\"https:\/\/twitter.com\/BB27000\/status\/1330537737955446787?s=20\">humour)<\/a><\/li>\n\n\n\n<li><a href=\"https:\/\/twitter.com\/BB27000\/status\/1329424431626776581?s=20\">Un village avec une histoire bien \u00e0 part (Cat\u00e9gorie Histoire)<\/a><\/li>\n\n\n\n<li><a href=\"https:\/\/twitter.com\/BB27000\/status\/1325484013360992258?s=20\">Pourquoi les vaches regardent passer les trains (Histoire vache)<\/a><\/li>\n\n\n\n<li><a href=\"https:\/\/twitter.com\/BB27000\/status\/1348198701613907969?s=20\">Une petite s\u00e9rie de carte postale visionnaires (Cat\u00e9gorie histoire)<\/a><\/li>\n\n\n\n<li><a href=\"https:\/\/twitter.com\/BB27000\/status\/1346364381693620224?s=20\">Le premier \u00ab\u00a0TGV\u00a0\u00bb \u00e9tait espagnol (Cat\u00e9gorie Technique)<\/a><\/li>\n\n\n\n<li><a href=\"https:\/\/twitter.com\/BB27000\/status\/1341140345850093569?s=20\">L&rsquo;univers sonore d&rsquo;une cabine de train (Cat\u00e9gorie technique)<\/a><\/li>\n\n\n\n<li><a href=\"https:\/\/twitter.com\/BB27000\/status\/1337844283785809925?s=20\">Combien p\u00e8se un train sur le rail? (Cat\u00e9gorie technique)<\/a><\/li>\n\n\n\n<li><a href=\"https:\/\/twitter.com\/BB27000\/status\/1363086558228869122?s=20\">La course flash (Cat\u00e9gorie Histoire Vraie)<\/a><\/li>\n\n\n\n<li>41&nbsp;\u00e0 50<\/li>\n\n\n\n<li><a href=\"https:\/\/twitter.com\/BB27000\/status\/1361679936600293379?s=20\">Le mot TRAIN (Cat\u00e9gorie Langage)<\/a><\/li>\n\n\n\n<li><a href=\"https:\/\/twitter.com\/bb27000\/status\/1369377713484611591?s=21\">Le temps de trajet (Cat\u00e9gorie Histoire)<\/a><\/li>\n\n\n\n<li><a href=\"https:\/\/twitter.com\/BB27000\/status\/1360332376593809416?s=20\">La gare d&rsquo;Orsay (Cat\u00e9gorie Histoire)<\/a><\/li>\n\n\n\n<li><a href=\"https:\/\/twitter.com\/BB27000\/status\/1649686132743974912?s=20\">Les voies abandonn\u00e9es (Cat\u00e9gorie Po\u00e9sie)<\/a><\/li>\n\n\n\n<li><a href=\"https:\/\/twitter.com\/bb27000\/status\/1369636343547068421?s=21\">La gare secr\u00e8te des Invalides (Cat\u00e9gorie Histoire)<\/a><\/li>\n\n\n\n<li><a href=\"https:\/\/twitter.com\/BB27000\/status\/1365667350645735429?s=20\">Le train Fran\u00e7ais pour Fidel Castro (Cat\u00e9gorie histoire)<\/a><\/li>\n\n\n\n<li><a href=\"https:\/\/twitter.com\/BB27000\/status\/1378391671428296706?s=20\">La gare de Chatelet (Cat\u00e9gorie Sp\u00e9ciale)<\/a><\/li>\n\n\n\n<li><a href=\"https:\/\/twitter.com\/BB27000\/status\/1377650660041240581?s=20\">La plus grande arme \u00e0 feux du monde \u00e9tait un train (Cat\u00e9gorie histoire)<\/a><\/li>\n\n\n\n<li><a href=\"https:\/\/twitter.com\/BB27000\/status\/1374806878669144064?s=20\">Georges Francis Train, un aventurier au nom pr\u00e9destin\u00e9 (Cat\u00e9gorie histoire)<\/a><\/li>\n\n\n\n<li><a href=\"https:\/\/twitter.com\/BB27000\/status\/1373359486635814912?s=20\">Un tramway vers l&rsquo;enfer (Cat\u00e9gorie histoire)<\/a><\/li>\n\n\n\n<li>51&nbsp;\u00e0&nbsp;60<\/li>\n\n\n\n<li><a href=\"https:\/\/twitter.com\/BB27000\/status\/1389251692009504773?s=20\">Les trains et l&rsquo;univers LGBT (Categorie Histoire)<\/a><\/li>\n\n\n\n<li><a href=\"https:\/\/twitter.com\/BB27000\/status\/1385328492817133574?s=20\">L&rsquo;exercice incendie (Categorie Histoire)<\/a><\/li>\n\n\n\n<li><a href=\"https:\/\/twitter.com\/bb27000\/status\/1384949426100359171?s=21\">Les petits trains de la 1\u00e8re guerre (cat\u00e9gorie histoire)<\/a><\/li>\n\n\n\n<li><a href=\"https:\/\/twitter.com\/bb27000\/status\/1384365204973232129?s=21\">Comparons les grades militaires et cheminots (cat\u00e9gorie humour)<\/a><\/li>\n\n\n\n<li><a href=\"https:\/\/twitter.com\/bb27000\/status\/1384032488830365697?s=21\">Les Foyers pour conducteurs (cat\u00e9gorie vie cheminote)<\/a><\/li>\n\n\n\n<li><a href=\"https:\/\/twitter.com\/BB27000\/status\/1402692599069253643?s=20\">La face cach\u00e9e de la gare d&rsquo;Austerlitz (Cat\u00e9gorie Histoire)<\/a><\/li>\n\n\n\n<li><a href=\"https:\/\/twitter.com\/BB27000\/status\/1402710128655220746?s=20\">Les ballons et la gare d&rsquo;Austerliz (Cat\u00e9gorie Histoire)<\/a><\/li>\n\n\n\n<li><a href=\"https:\/\/twitter.com\/BB27000\/status\/1437850160961396742?s=20\">Le secret cach\u00e9 de la gare de Belves (Cat\u00e9gorie Histoire)<\/a><\/li>\n\n\n\n<li><a href=\"https:\/\/twitter.com\/BB27000\/status\/1421812833474449408?s=20\">Quand un conducteur et un r\u00e9gulateur s&#8217;emm\u00ealent les pinceaux (cat\u00e9gorie histoire vraie)<\/a><\/li>\n\n\n\n<li>61&nbsp;\u00e0&nbsp;70<\/li>\n\n\n\n<li><a href=\"https:\/\/twitter.com\/BB27000\/status\/1421740686488084483?s=20\">Les films de Hollywood sur les trains (Analyse des erreurs)<\/a><\/li>\n\n\n\n<li><a href=\"https:\/\/twitter.com\/BB27000\/status\/1420037947450085382?s=20\"><s>LA l\u00e9gende du canon et du poulet (cat\u00e9gorie l\u00e9gende)<\/s><\/a><\/li>\n\n\n\n<li>&nbsp;<a href=\"https:\/\/twitter.com\/BB27000\/status\/1419739532753260546?s=20\">Le TGV perdu (Cat\u00e9gorie histoire vraie)<\/a><\/li>\n\n\n\n<li><s>&nbsp;<a href=\"https:\/\/twitter.com\/BB27000\/status\/1413177841282437134?s=20\">Les deux conducteurs et le gros sanglier (Cat\u00e9gorie l\u00e9gende)<\/a><\/s><\/li>\n\n\n\n<li><a href=\"https:\/\/twitter.com\/BB27000\/status\/1409170093238591490?s=20\">Le Baygon Vert, le fret le plus rapide du monde (cat\u00e9gorie Histoire)<\/a><\/li>\n\n\n\n<li><a href=\"https:\/\/twitter.com\/BB27000\/status\/1459818300418969605?s=20\">La gare perdue de Lamativie (Categorie Histoire)<\/a><\/li>\n\n\n\n<li><a href=\"https:\/\/twitter.com\/BB27000\/status\/1458717352149798913?s=20\">Les deux l\u00e9gendes de la gare de Saint Sulpice (Cat\u00e9gorie Histoire)<\/a><\/li>\n\n\n\n<li><a href=\"https:\/\/twitter.com\/BB27000\/status\/1454908891469422596?s=20\"><s>La mamie abandonn\u00e9e (Cat\u00e9gorie Histoire vraie)<\/s><\/a><\/li>\n\n\n\n<li><a href=\"https:\/\/twitter.com\/BB27000\/status\/1447834421634154497?s=20\"><s>Le conducteur, le douanier et le chocolat (Cat\u00e9gorie Histoire vraie)<\/s><\/a><\/li>\n\n\n\n<li>&nbsp;<a href=\"https:\/\/twitter.com\/BB27000\/status\/1468498777904455681?s=20\">Petit zoom sur la gare d&rsquo;Orsay (Cat\u00e9gorie architecture)<\/a><\/li>\n\n\n\n<li>71&nbsp;\u00e0 80<\/li>\n\n\n\n<li>&nbsp;<a href=\"https:\/\/twitter.com\/BB27000\/status\/1462083090398990350?s=20\">La l\u00e9gende du sandwich SNCF (Cat\u00e9gorie culinaire)<\/a><\/li>\n\n\n\n<li><a href=\"https:\/\/twitter.com\/BB27000\/status\/1474131594340634624?s=20\">L&rsquo;invention des fuseaux horaires (Cat\u00e9gorie histoire)<\/a><\/li>\n\n\n\n<li><a href=\"https:\/\/twitter.com\/BB27000\/status\/1488923650191466497?s=20&amp;t=XY1hEebQiJ6DRfuABWM-fg\">L&rsquo;attaque du train des d\u00e9port\u00e9s (Cat\u00e9gorie histoire)<\/a><\/li>\n\n\n\n<li><a href=\"https:\/\/twitter.com\/BB27000\/status\/1478816752381345794?s=20&amp;t=XY1hEebQiJ6DRfuABWM-fg\"><s>Le train et la voiture du papi (cat\u00e9gorie histoire vraie)<\/s><\/a><\/li>\n\n\n\n<li><a href=\"https:\/\/twitter.com\/BB27000\/status\/1512406092575297537?s=20&amp;t=dBaCNZFGy_d4nREZ4lbeuQ\">Le train du tunnel du Lioran (Cat\u00e9gorie histoire vraie)<\/a><\/li>\n\n\n\n<li><a href=\"https:\/\/twitter.com\/BB27000\/status\/1508053180839514115?s=20&amp;t=dBaCNZFGy_d4nREZ4lbeuQ\">Les voyages avant le train (Cat\u00e9gorie histoire)<\/a><\/li>\n\n\n\n<li><a href=\"https:\/\/twitter.com\/BB27000\/status\/1504767518581342208?s=20&amp;t=dBaCNZFGy_d4nREZ4lbeuQ\">Le pont des soupirs (Cat\u00e9gorie histoire)<\/a><\/li>\n\n\n\n<li><a href=\"https:\/\/twitter.com\/BB27000\/status\/1498714081372651525?s=20&amp;t=dBaCNZFGy_d4nREZ4lbeuQ\">Les l\u00e9gendes des trains de Fret (Cat\u00e9gorie histoires vraies)<\/a><\/li>\n\n\n\n<li><a href=\"https:\/\/twitter.com\/BB27000\/status\/1548963521177739264?s=20&amp;t=IWcMoC76g2psGq__xxmSzw\"><s>Les trains du Stade de France (Cat\u00e9gorie histoire vraie)<\/s><\/a><\/li>\n\n\n\n<li>81&nbsp;\u00e0 &#8230;&nbsp;<\/li>\n\n\n\n<li><a href=\"https:\/\/twitter.com\/BB27000\/status\/1621540422240575489?s=20\">Le voyageur heureux (Cat\u00e9gorie histoire vraie)<\/a><\/li>\n<\/ul>\n","protected":false},"excerpt":{"rendered":"<p>De la p&rsquo;tite \u00e0 la grande histoire<\/p>\n","protected":false},"author":1,"featured_media":0,"parent":0,"menu_order":0,"comment_status":"closed","ping_status":"closed","template":"","meta":{"footnotes":""},"class_list":["post-65","page","type-page","status-publish","hentry"],"_links":{"self":[{"href":"https:\/\/bb27000.fr\/index.php\/wp-json\/wp\/v2\/pages\/65","targetHints":{"allow":["GET"]}}],"collection":[{"href":"https:\/\/bb27000.fr\/index.php\/wp-json\/wp\/v2\/pages"}],"about":[{"href":"https:\/\/bb27000.fr\/index.php\/wp-json\/wp\/v2\/types\/page"}],"author":[{"embeddable":true,"href":"https:\/\/bb27000.fr\/index.php\/wp-json\/wp\/v2\/users\/1"}],"replies":[{"embeddable":true,"href":"https:\/\/bb27000.fr\/index.php\/wp-json\/wp\/v2\/comments?post=65"}],"version-history":[{"count":6,"href":"https:\/\/bb27000.fr\/index.php\/wp-json\/wp\/v2\/pages\/65\/revisions"}],"predecessor-version":[{"id":272,"href":"https:\/\/bb27000.fr\/index.php\/wp-json\/wp\/v2\/pages\/65\/revisions\/272"}],"wp:attachment":[{"href":"https:\/\/bb27000.fr\/index.php\/wp-json\/wp\/v2\/media?parent=65"}],"curies":[{"name":"wp","href":"https:\/\/api.w.org\/{rel}","templated":true}]}}